{"id":296,"date":"2020-09-14T08:02:24","date_gmt":"2020-09-14T08:02:24","guid":{"rendered":"https:\/\/maciek.zaki.pl\/?page_id=296"},"modified":"2020-09-15T15:55:07","modified_gmt":"2020-09-15T15:55:07","slug":"rodo","status":"publish","type":"page","link":"https:\/\/wypozyczalniasaksofonow.pl\/?page_id=296","title":{"rendered":"RODO"},"content":{"rendered":"<h1 style=\"text-align: center;\">Klauzula informacyjna RODO<\/h1>\n<p>&nbsp;<\/p>\n<p style=\"text-align: left;\">Pragniemy zadba\u0107 o to, aby korzystanie z naszych us\u0142ug by\u0142o dla Ciebie komfortowe i bezpieczne. Z tego powodu przekazujemy Ci wa\u017cne informacje na temat tego, w jaki spos\u00f3b wykorzystywane s\u0105 przekazane nam dane. Wiemy, jak wa\u017cne s\u0105 prywatno\u015b\u0107 i bezpiecze\u0144stwo. Poni\u017cej wyja\u015bniamy, jakie dane i po co gromadzimy oraz w jaki spos\u00f3b je przetwarzamy, aby\u015b m\u00f3g\u0142 by\u0107 pewien, \u017ce s\u0105 u nas bezpieczne.<\/p>\n<p>&nbsp;<\/p>\n<h6><strong>To\u017csamo\u015b\u0107 administratora<\/strong><\/h6>\n<p>Administratorem danych jeste\u015bmy my, wypozyczalniasaksofonow.pl &#8211; kt\u00f3rej w\u0142a\u015bcicielem jest firma Maciej Wojtkowiak z siedzib\u0105 w Luboniu, przy ul. Modrakowej 14, 62-030 Lubo\u0144. Wpisana do CEIDG nr NIP: 7772896069, REGON: 362198102<\/p>\n<p>&nbsp;<\/p>\n<h6><strong>Kt\u00f3re dane osobowe przetwarzamy?<\/strong><\/h6>\n<p>S\u0105 to dane kontaktowe: imi\u0119 i nazwisko, adres pocztowy, nr telefonu, adres email, PESEL, NIP (w przypadku os\u00f3b prowadz\u0105cych dzia\u0142alno\u015b\u0107 gospodarcz\u0105), dane konta bankowego.<\/p>\n<p>&nbsp;<\/p>\n<h6><strong>Dane kontaktowe administratora<\/strong><\/h6>\n<div>Z administratorem wypozyczalniasaksofonow.pl \u2013 firm\u0105 Maciej Wojtkowiak mo\u017cna skontaktowa\u0107 si\u0119:<\/div>\n<ul>\n<li>poczt\u0105 elektroniczn\u0105 pod adresem mc.wojtkowiak@gmail.com<\/li>\n<li>listownie \u2013 kieruj\u0105c korespondencj\u0119 na adres siedziby administratora<\/li>\n<li>telefonicznie pod numerem: 782-665-978<\/li>\n<\/ul>\n<p>&nbsp;<\/p>\n<h6><strong>Cel przetwarzania\u00a0<\/strong><\/h6>\n<p>Pani\/Pana dane b\u0119d\u0105 przetwarzane w celu:<\/p>\n<ul>\n<li>zawarcia i realizacji umowy najmu lub kupna,<\/li>\n<li>wysy\u0142ki towar\u00f3w i pobierania op\u0142at,<\/li>\n<li>weryfikacja danych klienta pod wzgl\u0119dem zad\u0142u\u017cenia,<\/li>\n<li>odpowiednim podmiotom komorniczym lub s\u0105dom w przypadku zaleg\u0142o\u015bci w p\u0142atno\u015bciach.<\/li>\n<\/ul>\n<p>Informujemy, i\u017c podanie przez Pa\u0144stwa swoich danych osobowych jest ca\u0142kowicie dobrowolne, jednak\u017ce w przypadku braku zgody na przetwarzanie danych osobowych nie ma mo\u017cliwo\u015bci zawarcia umowy najmu.<\/p>\n<h6><strong>Zakres przetwarzanych danych odbiorcy danych lub kategorie odbiorc\u00f3w danych<\/strong><\/h6>\n<p>W niekt\u00f3rych przypadkach, gdy b\u0119dzie to niezb\u0119dne dla wykonywanych przez nas us\u0142ug lub obowi\u0105zku prawnego, b\u0119dziemy uprawnieni do ujawnienia Twoich danych osobowych nast\u0119puj\u0105cym grupom odbiorc\u00f3w:<\/p>\n<ul>\n<li>naszym upowa\u017cnionym pracownikom i wsp\u00f3\u0142pracownikom, kt\u00f3rym Twoje dane osobowe b\u0119d\u0105 ujawniane po to, by mogli wykona\u0107 swoje obowi\u0105zki;<\/li>\n<li>podmiotom, kt\u00f3rym zlecamy wykonywanie us\u0142ug zwi\u0105zanych z przetwarzaniem danych osobowych (przetwarzaj\u0105cy\/procesor) np. dostawcy hostingu;<\/li>\n<li>firmom kurierskim oraz kurierom, celem dostarczenia zam\u00f3wionych produkt\u00f3w;<\/li>\n<li>innym odbiorcom danych \u2013 np. naszym doradcom;<\/li>\n<li>certyfikowanym serwerom ksi\u0119gowo\u015bci Saldeo<\/li>\n<li>s\u0105dom, organom administracji publicznej, organom \u015bcigania w zwi\u0105zku z prowadzonymi przez nie post\u0119powaniami.<\/li>\n<\/ul>\n<p>&nbsp;<\/p>\n<h6><strong>Okres przechowywania danych <\/strong><\/h6>\n<p>Pani\/Pana dane osobowe b\u0119d\u0105 przetwarzane przez taki okres, jaki trwa umowa, regulowanie p\u0142atno\u015bci oraz podejmowanie odpowiednich czynno\u015bci celem odzyskania zaleg\u0142ych p\u0142atno\u015bci.<\/p>\n<p>Pa\u0144stwa dane osobowe po zrealizowaniu umowy najmu, b\u0119d\u0105 przetwarzane w celach archiwalnych i ksi\u0119gowych oraz przechowywane przez okres niezb\u0119dny wynikaj\u0105cy z przepis\u00f3w dotycz\u0105cych archiwizowania dokument\u00f3w obowi\u0105zuj\u0105cych u Administratora.<\/p>\n<p>&nbsp;<\/p>\n<h6><strong>Prawa podmiot\u00f3w danych<\/strong><\/h6>\n<ul>\n<li>Przys\u0142uguje Pani\/Panu prawo dost\u0119pu do Pani\/Pana danych oraz prawo \u017c\u0105dania ich sprostowania lub ograniczenia przetwarzania;<\/li>\n<li>przenoszenia danych przetwarzanych w zwi\u0105zku z wykonaniem umowy lub na podstawie Twojej zgody;<\/li>\n<li>je\u015bli podstaw\u0105 przetwarzania przez nas Twoich danych jest Twoja zgoda, w\u00f3wczas posiadasz prawo do cofni\u0119cia tej zgody w dowolnym momencie. Cofni\u0119cie zgody nie wp\u0142ywa jednak na zgodno\u015b\u0107 z prawem przetwarzania przez nas Twoich danych osobowych, kt\u00f3rego dokonali\u015bmy na podstawie zgody przed jej cofni\u0119ciem. Aby skorzysta\u0107 z przys\u0142uguj\u0105cych Ci uprawnie\u0144, jak r\u00f3wnie\u017c uzyska\u0107 wi\u0119cej wyja\u015bnie\u0144 mo\u017cesz si\u0119 z nami skontaktowa\u0107 na adres: mc.wojtkowiak@gmail.com lub korespondencyjnie na nasz adres:<\/li>\n<\/ul>\n<p>Maciej Wojtkowiak<\/p>\n<p>ul. Modrakowa 14<\/p>\n<p>62-030 Lubo\u0144.<\/p>\n<p>&nbsp;<\/p>\n<h6><strong>Prawo wniesienia skargi do organu nadzorczego <\/strong><\/h6>\n<p>Je\u017celi nasze wyja\u015bnienia i dzia\u0142ania oka\u017c\u0105 si\u0119 niewystarczaj\u0105ce lub wadliwe, mo\u017cesz wnie\u015b\u0107 skarg\u0119 do Prezesa Urz\u0119du Ochrony Danych Osobowych zajmuj\u0105cego si\u0119 ochron\u0105 danych osobowych w pa\u0144stwie cz\u0142onkowskim Pani \/ Pana zwyk\u0142ego pobytu, miejsca pracy lub miejsca pope\u0142nienia domniemanego naruszenia.<\/p>\n<p>Prezes Urz\u0119du Ochrony Danych Osobowych (PUODO)<br \/>\nul. Stawki 2<br \/>\n00-193 Warszawa<\/p>\n<p>&nbsp;<\/p>\n<h6><strong>Podstawy prawne przetwarzania danych:<\/strong><\/h6>\n<p>art. 6 ust. 1 lit. c Rozporz\u0105dzenia Parlamentu Europejskiego i Rady (UE) 2016\/679 z dnia 27 kwietnia 2016 r. w sprawie ochrony os\u00f3b fizycznych w zwi\u0105zku z przetwarzaniem danych osobowych i w sprawie swobodnego przep\u0142ywu takich danych oraz uchylenia dyrektywy 95\/46\/WE (og\u00f3lne rozporz\u0105dzenie o ochronie danych)<\/p>\n<h6><strong>Informacja o dowolno\u015bci lub obowi\u0105zku podania danych<\/strong><\/h6>\n<p>Ustawa z dnia 17 lutego 2005 r. o informatyzacji dzia\u0142alno\u015bci podmiot\u00f3w realizuj\u0105cych zadania publiczne wymaga podania danych okre\u015blonych w art. 20ad.<br \/>\nPani\/Pana dane s\u0105 niezb\u0119dne, aby zrealizowa\u0107 wybran\u0105 przez Pani\u0105\/Pana us\u0142ug\u0119. Niepodanie tych danych b\u0119dzie skutkowa\u0142o niemo\u017cliwo\u015bci\u0105 korzystania z tych us\u0142ug.<\/p>\n<p>&nbsp;<\/p>\n","protected":false},"excerpt":{"rendered":"<p>Klauzula informacyjna RODO &nbsp; Pragniemy zadba\u0107 o to, aby korzystanie z naszych us\u0142ug by\u0142o dla Ciebie komfortowe i bezpieczne. Z tego powodu przekazujemy Ci wa\u017cne informacje na temat tego, w jaki spos\u00f3b wykorzystywane s\u0105 przekazane nam dane. Wiemy, jak wa\u017cne s\u0105 prywatno\u015b\u0107 i bezpiecze\u0144stwo. Poni\u017cej wyja\u015bniamy, jakie dane i po &hellip;<\/p>\n","protected":false},"author":1,"featured_media":0,"parent":0,"menu_order":0,"comment_status":"closed","ping_status":"closed","template":"","meta":{"om_disable_all_campaigns":false,"_mi_skip_tracking":false},"aioseo_notices":[],"_links":{"self":[{"href":"https:\/\/wypozyczalniasaksofonow.pl\/index.php?rest_route=\/wp\/v2\/pages\/296"}],"collection":[{"href":"https:\/\/wypozyczalniasaksofonow.pl\/index.php?rest_route=\/wp\/v2\/pages"}],"about":[{"href":"https:\/\/wypozyczalniasaksofonow.pl\/index.php?rest_route=\/wp\/v2\/types\/page"}],"author":[{"embeddable":true,"href":"https:\/\/wypozyczalniasaksofonow.pl\/index.php?rest_route=\/wp\/v2\/users\/1"}],"replies":[{"embeddable":true,"href":"https:\/\/wypozyczalniasaksofonow.pl\/index.php?rest_route=%2Fwp%2Fv2%2Fcomments&post=296"}],"version-history":[{"count":22,"href":"https:\/\/wypozyczalniasaksofonow.pl\/index.php?rest_route=\/wp\/v2\/pages\/296\/revisions"}],"predecessor-version":[{"id":327,"href":"https:\/\/wypozyczalniasaksofonow.pl\/index.php?rest_route=\/wp\/v2\/pages\/296\/revisions\/327"}],"wp:attachment":[{"href":"https:\/\/wypozyczalniasaksofonow.pl\/index.php?rest_route=%2Fwp%2Fv2%2Fmedia&parent=296"}],"curies":[{"name":"wp","href":"https:\/\/api.w.org\/{rel}","templated":true}]}}

<h1 style="text-align: center;">Klauzula informacyjna RODO</h1>
<p>&nbsp;</p>
<p style="text-align: left;">Pragniemy zadbać o to, aby korzystanie z naszych usług było dla Ciebie komfortowe i bezpieczne. Z tego powodu przekazujemy Ci ważne informacje na temat tego, w jaki sposób wykorzystywane są przekazane nam dane. Wiemy, jak ważne są prywatność i bezpieczeństwo. Poniżej wyjaśniamy, jakie dane i po co gromadzimy oraz w jaki sposób je przetwarzamy, abyś mógł być pewien, że są u nas bezpieczne.</p>
<p>&nbsp;</p>
<h6><strong>Tożsamość administratora</strong></h6>
<p>Administratorem danych jesteśmy my, wypozyczalniasaksofonow.pl &#8211; której właścicielem jest firma Maciej Wojtkowiak z siedzibą w Luboniu, przy ul. Modrakowej 14, 62-030 Luboń. Wpisana do CEIDG nr NIP: 7772896069, REGON: 362198102</p>
<p>&nbsp;</p>
<h6><strong>Które dane osobowe przetwarzamy?</strong></h6>
<p>Są to dane kontaktowe: imię i nazwisko, adres pocztowy, nr telefonu, adres email, PESEL, NIP (w przypadku osób prowadzących działalność gospodarczą), dane konta bankowego.</p>
<p>&nbsp;</p>
<h6><strong>Dane kontaktowe administratora</strong></h6>
<div>Z administratorem wypozyczalniasaksofonow.pl – firmą Maciej Wojtkowiak można skontaktować się:</div>
<ul>
<li>pocztą elektroniczną pod adresem mc.wojtkowiak@gmail.com</li>
<li>listownie – kierując korespondencję na adres siedziby administratora</li>
<li>telefonicznie pod numerem: 782-665-978</li>
</ul>
<p>&nbsp;</p>
<h6><strong>Cel przetwarzania </strong></h6>
<p>Pani/Pana dane będą przetwarzane w celu:</p>
<ul>
<li>zawarcia i realizacji umowy najmu lub kupna,</li>
<li>wysyłki towarów i pobierania opłat,</li>
<li>weryfikacja danych klienta pod względem zadłużenia,</li>
<li>odpowiednim podmiotom komorniczym lub sądom w przypadku zaległości w płatnościach.</li>
</ul>
<p>Informujemy, iż podanie przez Państwa swoich danych osobowych jest całkowicie dobrowolne, jednakże w przypadku braku zgody na przetwarzanie danych osobowych nie ma możliwości zawarcia umowy najmu.</p>
<h6><strong>Zakres przetwarzanych danych odbiorcy danych lub kategorie odbiorców danych</strong></h6>
<p>W niektórych przypadkach, gdy będzie to niezbędne dla wykonywanych przez nas usług lub obowiązku prawnego, będziemy uprawnieni do ujawnienia Twoich danych osobowych następującym grupom odbiorców:</p>
<ul>
<li>naszym upoważnionym pracownikom i współpracownikom, którym Twoje dane osobowe będą ujawniane po to, by mogli wykonać swoje obowiązki;</li>
<li>podmiotom, którym zlecamy wykonywanie usług związanych z przetwarzaniem danych osobowych (przetwarzający/procesor) np. dostawcy hostingu;</li>
<li>firmom kurierskim oraz kurierom, celem dostarczenia zamówionych produktów;</li>
<li>innym odbiorcom danych – np. naszym doradcom;</li>
<li>certyfikowanym serwerom księgowości Saldeo</li>
<li>sądom, organom administracji publicznej, organom ścigania w związku z prowadzonymi przez nie postępowaniami.</li>
</ul>
<p>&nbsp;</p>
<h6><strong>Okres przechowywania danych </strong></h6>
<p>Pani/Pana dane osobowe będą przetwarzane przez taki okres, jaki trwa umowa, regulowanie płatności oraz podejmowanie odpowiednich czynności celem odzyskania zaległych płatności.</p>
<p>Państwa dane osobowe po zrealizowaniu umowy najmu, będą przetwarzane w celach archiwalnych i księgowych oraz przechowywane przez okres niezbędny wynikający z przepisów dotyczących archiwizowania dokumentów obowiązujących u Administratora.</p>
<p>&nbsp;</p>
<h6><strong>Prawa podmiotów danych</strong></h6>
<ul>
<li>Przysługuje Pani/Panu prawo dostępu do Pani/Pana danych oraz prawo żądania ich sprostowania lub ograniczenia przetwarzania;</li>
<li>przenoszenia danych przetwarzanych w związku z wykonaniem umowy lub na podstawie Twojej zgody;</li>
<li>jeśli podstawą przetwarzania przez nas Twoich danych jest Twoja zgoda, wówczas posiadasz prawo do cofnięcia tej zgody w dowolnym momencie. Cofnięcie zgody nie wpływa jednak na zgodność z prawem przetwarzania przez nas Twoich danych osobowych, którego dokonaliśmy na podstawie zgody przed jej cofnięciem. Aby skorzystać z przysługujących Ci uprawnień, jak również uzyskać więcej wyjaśnień możesz się z nami skontaktować na adres: mc.wojtkowiak@gmail.com lub korespondencyjnie na nasz adres:</li>
</ul>
<p>Maciej Wojtkowiak</p>
<p>ul. Modrakowa 14</p>
<p>62-030 Luboń.</p>
<p>&nbsp;</p>
<h6><strong>Prawo wniesienia skargi do organu nadzorczego </strong></h6>
<p>Jeżeli nasze wyjaśnienia i działania okażą się niewystarczające lub wadliwe, możesz wnieść skargę do Prezesa Urzędu Ochrony Danych Osobowych zajmującego się ochroną danych osobowych w państwie członkowskim Pani / Pana zwykłego pobytu, miejsca pracy lub miejsca popełnienia domniemanego naruszenia.</p>
<p>Prezes Urzędu Ochrony Danych Osobowych (PUODO)<br />
ul. Stawki 2<br />
00-193 Warszawa</p>
<p>&nbsp;</p>
<h6><strong>Podstawy prawne przetwarzania danych:</strong></h6>
<p>art. 6 ust. 1 lit. c Rozporządzenia Parlamentu Europejskiego i Rady (UE) 2016/679 z dnia 27 kwietnia 2016 r. w sprawie ochrony osób fizycznych w związku z przetwarzaniem danych osobowych i w sprawie swobodnego przepływu takich danych oraz uchylenia dyrektywy 95/46/WE (ogólne rozporządzenie o ochronie danych)</p>
<h6><strong>Informacja o dowolności lub obowiązku podania danych</strong></h6>
<p>Ustawa z dnia 17 lutego 2005 r. o informatyzacji działalności podmiotów realizujących zadania publiczne wymaga podania danych określonych w art. 20ad.<br />
Pani/Pana dane są niezbędne, aby zrealizować wybraną przez Panią/Pana usługę. Niepodanie tych danych będzie skutkowało niemożliwością korzystania z tych usług.</p>
<p>&nbsp;</p>

<p>Klauzula informacyjna RODO &nbsp; Pragniemy zadbać o to, aby korzystanie z naszych usług było dla Ciebie komfortowe i bezpieczne. Z tego powodu przekazujemy Ci ważne informacje na temat tego, w jaki sposób wykorzystywane są przekazane nam dane. Wiemy, jak ważne są prywatność i bezpieczeństwo. Poniżej wyjaśniamy, jakie dane i po &hellip;</p>
